undred thousands digit of 130122?
1
What is the thousands digit of 1155521?
5
What is the ten thousands digit of 5765212?
6
What is the ten thousands digit of 75457?
7
What is the hundred thousands digit of 3543226?
5
What is the thousands digit of 13002049?
2
What is the units digit of 168543?
3
What is the hundred thousands digit of 10079166?
0
What is the hundred thousands digit of 4863301?
8
What is the millions digit of 4742068?
4
What is the units digit of 15320279?
9
What is the tens digit of 9946?
4
What is the hundreds digit of 922980?
9
What is the tens digit of 2733536?
3
What is the hundreds digit of 223083?
0
What is the hundreds digit of 147425?
4
What is the ten thousands digit of 183729?
8
What is the thousands digit of 1060128?
0
What is the thousands digit of 299247?
9
What is the units digit of 27916?
6
What is the tens digit of 13133506?
0
What is the hundreds digit of 651234?
2
What is the hundred thousands digit of 772340?
7
What is the ten thousands digit of 782433?
8
What is the millions digit of 3298944?
3
What is the millions digit of 5589233?
5
What is the ten millions digit of 19711870?
1
What is the hundreds digit of 1154695?
6
What is the hundred thousands digit of 8111825?
1
What is the ten thousands digit of 397275?
9
What is the hundred thousands digit of 206057?
2
What is the units digit of 10284718?
8
What is the hundreds digit of 24723777?
7
What is the thousands digit of 4578681?
8
What is the thousands digit of 463205?
3
What is the ten thousands digit of 123097?
2
What is the hundred thousands digit of 1536917?
5
What is the units digit of 9875179?
9
What is the hundreds digit of 1039146?
1
What is the thousands digit of 15045651?
5
What is the units digit of 1079165?
5
What is the thousands digit of 4987710?
7
What is the millions digit of 5410250?
5
What is the units digit of 536642?
2
What is the hundreds digit of 1774659?
6
What is the ten thousands digit of 288040?
8
What is the tens digit of 1471100?
0
What is the units digit of 41074?
4
What is the hundred thousands digit of 2841803?
8
What is the thousands digit of 1086564?
6
What is the tens digit of 2459720?
2
What is the tens digit of 99479?
7
What is the hundreds digit of 353395?
3
What is the ten thousands digit of 429139?
2
What is the thousands digit of 902767?
2
What is the tens digit of 173684?
8
What is the tens digit of 4600141?
4
What is the hundreds digit of 2027861?
8
What is the thousands digit of 32710?
2
What is the ten thousands digit of 705571?
0
What is the hundreds digit of 6189840?
8
What is the millions digit of 9555635?
9
What is the hundreds digit of 22251291?
2
What is the units digit of 105582?
2
What is the millions digit of 1770340?
1
What is the hundred thousands digit of 15811362?
8
What is the units digit of 4288787?
7
What is the tens digit of 3617084?
8
What is the ten thousands digit of 930953?
3
What is the ten thousands digit of 5005789?
0
What is the ten thousands digit of 9777324?
7
What is the tens digit of 425085?
8
What is the units digit of 4895958?
8
What is the units digit of 14071?
1
What is the ten thousands digit of 52742?
5
What is the thousands digit of 22775892?
5
What is the ten thousands digit of 20649774?
4
What is the thousands digit of 928807?
8
What is the hundred thousands digit of 29109345?
1
What is the ten thousands digit of 24727400?
2
What is the hundreds digit of 473744?
7
What is the units digit of 5007757?
7
What is the millions digit of 4491775?
4
What is the hundreds digit of 1571003?
0
What is the hundred thousands digit of 6336564?
3
What is the thousands digit of 1354701?
4
What is the hundred thousands digit of 412183?
4
What is the hundreds digit of 2308643?
6
What is the thousands digit of 40476?
0
What is the hundreds digit of 69900?
9
What is the tens digit of 3122046?
4
What is the hundreds digit of 4569765?
7
What is the units digit of 13900163?
3
What is the units digit of 89484?
4
What is the units digit of 269813?
3
What is the hundreds digit of 3955330?
3
What is the hundred thousands digit of 20343896?
3
What is the hundred thousands digit of 9608409?
6
What is the thousands digit of 928571?
8
What is the units digit of 1127199?
9
What is the hundreds digit of 3437633?
6
What is the ten thousands digit of 685261?
8
What is the ten millions digit of 25455834?
2
What is the ten thousands digit of 578358?
7
What is the ten thousands digit of 2211420?
1
What is the units digit of 386584?
4
What is the hundred thousands digit of 213938?
2
What is the tens digit of 511964?
6
What is the ten thousands digit of 333554?
3
What is the units digit of 292142?
2
What is the ten thousands digit of 13709151?
0
What is the ten millions digit of 23243726?
2
What is the tens digit of 13319657?
5
What is the tens digit of 58076?
7
What is the tens digit of 379383?
8
What is the units digit of 390530?
0
What is the hundreds digit of 784747?
7
What is the thousands digit of 279842?
9
What is the ten thousands digit of 11978342?
7
What is the hundreds digit of 1765459?
4
What is the thousands digit of 1442122?
2
What is the hundred thousands digit of 1729364?
7
What is the tens digit of 282002?
0
What is the thousands digit of 465384?
5
What is the thousands digit of 1199453?
9
What is the tens digit of 276410?
1
What is the ten thousands digit of 2541638?
4
What is the hundreds digit of 17238?
2
What is the tens digit of 53722?
2
What is the millions digit of 5861273?
5
What is the tens digit of 7628050?
5
What is the units digit of 246310?
0
What is the hundreds digit of 7365176?
1
What is the ten thousands digit of 4156987?
5
What is the units digit of 17251935?
5
What is the units digit of 1484283?
3
What is the millions digit of 19646374?
9
What is the tens digit of 690825?
2
What is the thousands digit of 279612?
9
What is the hundreds digit of 37377166?
1
What is the tens digit of 11846804?
0
What is the units digit of 738362?
2
What is the hundred thousands digit of 296830?
2
What is the tens digit of 9065570?
7
What is the tens digit of 7103457?
5
What is the units digit of 182193?
3
What is the hundred thousands digit of 331105?
3
What is the ten thousands digit of 383866?
8
What is the millions digit of 9392599?
9
What is the ten thousands digit of 4294975?
9
What is the hundreds digit of 267958?
9
What is the ten millions digit of 19861348?
1
What is the hundred thousands digit of 3384186?
3
What is the millions digit of 8048573?
8
What is the ten thousands digit of 221083?
2
What is the millions digit of 3421505?
3
What is the tens digit of 303730?
3
What is the tens digit of 41145369?
6
What is the thousands digit of 153239?
3
What is the ten thousands digit of 1394499?
9
What is the hundred thousands digit of 917531?
9
What is the ten thousands digit of 18686266?
8
What is the ten thousands digit of 249654?
4
What is the tens digit of 413213?
1
What is the thousands digit of 88801?
8
What is the tens digit of 22715262?
6
What is the thousands digit of 104960?
4
What is the hundreds digit of 7179668?
6
What is the thousands digit of 6137072?
7
What is the thousands digit of 1087012?
7
What is the hundreds digit of 2762689?
6
What is the millions digit of 1888182?
1
What is the hundred thousands digit of 2464982?
4
What is the tens digit of 9073878?
7
What is the ten millions digit of 12363791?
1
What is the hundreds digit of 23549703?
7
What is the thousands digit of 507244?
7
What is the units digit of 216484?
4
What is the units digit of 80428?
8
What is the hundreds digit of 466075?
0
What is the units digit of 6892787?
7
What is the tens digit of 1701099?
9
What is the ten millions digit of 19962430?
1
What is the hundred thousands digit of 163556?
1
What is the thousands digit of 959063?
9
What is the hundred thousands digit of 6150370?
1
What is the ten thousands digit of 3205005?
0
What is the hundred thousands digit of 195106?
1
What is the hundred thousands digit of 10270455?
2
What is the hundreds digit of 2599727?
7
What is the hundred thousands digit of 234003?
2
What is the ten thousands digit of 1525030?
2
What is the hundreds digit of 10712378?
3
What is the units digit of 10939214?
4
What is the hundreds digit of 48053?
0
What is the millions digit of 2